 -n**2 + 1. Let b(v) = -v**3 + 6*v + 9. Let w be b(-2). Let f(q) = w*h(q) + x(q). What is the units digit of f(0)?
3
Let v = 41 - 14. Suppose 3*q - 3*l = v, 3 + 3 = -2*l. Suppose q*d = 298 + 326. What is the units digit of d?
4
Suppose -2*j = 3*o - 90338, 2450*j - 2453*j - o = -135521. What is the tens digit of j?
7
Suppose s - 101 = -2*r - 3*r, 3*r = -4*s + 64. Suppose 0*z - 5*z = -r. What is the tens digit of (-202)/z*(-2)/1?
0
What is the thousands digit of ((-96)/320 + (-76309)/(-30))*(-45)/(-6)?
9
Let b be (2 + 88/12)/(2/3). Suppose 13*a + 556 = b*a. What is the hundreds digit of a?
5
Let y be (-3)/2*(1 - 44/12). Suppose -y*z = -3*g - 0*g + 58, -4*z = -g + 62. Let p = 124 + z. What is the units digit of p?
8
Suppose 0 = 14*m - 12*m - 5*f - 7, -m + 1 = -5*f. Suppose m*s - 849 = 2*s - 5*c, 222 = s - 2*c. What is the hundreds digit of s?
2
Let l be (1/(-2))/((-5)/20). Suppose -2*j - 370 = -5*d, 0*d + l*d = 4*j + 148. Suppose -b + 168 = 4*q, 2*q + d = 4*q - 2*b. What is the tens digit of q?
4
Suppose x = -j + 829, 10*x = -2*j + 6*x + 1650. Let k = j + -460. What is the units digit of k?
3
Let k(y) = y**3 - 6*y**2 + 15*y - 24. Let r be k(4). Suppose -234 = -r*g + 2*c, 2*g - 70 = -c + 57. What is the units digit of g?
1
Suppose -5*y - 4*d + 48 = 0, 3*y - 4*d = -3*d + 22. What is the hundreds digit of ((-2)/y + 0)*-724?
1
Suppose 151*l - 173*l - 445464 + 1629592 = 0. What is the thousands digit of l?
3
Let s(o) = 6*o**2 + 72*o - 812. What is the thousands digit of s(32)?
7
Suppose 5*u = -2*v + 41, -8*u + 6*u - 34 = -2*v. Suppose -v*f + 6221 = -10717. What is the tens digit of f?
4
Let o = -39 - -39. Suppose o = -0*j + 3*j - 15. What is the units digit of (-2)/(-4)*j*(-432)/(-135)?
8
Suppose -h + k = -1018 - 6554, 2*h - 5*k = 15150. What is the thousands digit of h?
7
Suppose 4*r - 4*m = 3*r + 134, -4*r - 4*m = -616. Suppose 2*l - r = 160. What is the units digit of l?
5
Let l(x) = 9*x - 264. Let c be l(-8). Let f = 3 + -5. What is the units digit of (144/(-56))/((-9)/c*f)?
8
Suppose 72*z - 128737 = 19727. What is the hundreds digit of z?
0
Suppose 3*h + 9 = 0, -415*d + 417*d + 2*h - 41878 = 0. What is the tens digit of d?
4
Let l(d) = -4*d**3 - d**2 + 2*d + 7268. What is the units digit of l(0)?
8
Let l = 7933 - -15631. What is the thousands digit of l?
3
Let d be (-6)/(-14) + (-144)/(-56). Suppose 189 = -d*i - 6*i. Let x(s) = -s**2 - 24*s + 6. What is the tens digit of x(i)?
6
Suppose 3*x + 1344*w = 1342*w + 79736, 5*x + 3*w = 132893. What is the units digit of x?
8
Suppose 39*m = -5*i + 35*m + 100851, -5*m = i - 20145. What is the units digit of i?
5
Let s be (-4)/6*(-18)/(-12). Let z be ((-3)/(-1))/((s - 4) + 8). Suppose j + z = 160. What is the tens digit of j?
5
Let t(v) = -3*v + 5. Let i be t(2). Let x be (0/(-1*2))/(i + 2). Suppose x = -3*u - 61 + 160. What is the units digit of u?
3
Suppose 3*d - 4*l = 1705, 0 = -2*d + l + 1340 - 205. Suppose -2*v - 2*v = -5*s - d, -4*s + 168 = v. What is the units digit of v?
8
Let u = 33728 + 5936. What is the hundreds digit of u?
6
Suppose 0 = -n - 2*k + 8, -2 = -2*n + 3*k. Suppose n*a - 540 = 4*g, -2*g + 552 = 3*a + a. What is the units digit of a?
7
What is the tens digit of (-7 - (5 - 6)) + 11154?
4
Let h(c) = -2*c**3 - 3*c**2 + 2*c - 12. Let y(i) = -12*i - 65. Let a be y(-5). What is the units digit of h(a)?
3
Let v be (6 - 78/15)*10/(-4). What is the hundreds digit of (-4 + (-19840)/(-50))/(v/(-5))?
9
Suppose -15588 = 2*c - u - 56729, u = -10*c + 205747. What is the thousands digit of c?
0
Let h(t) = -34*t + 51. Let y be h(7). Let z = 276 + y. What is the units digit of z?
9
What is the units digit of ((-480)/9)/((-17)/2244)?
0
Suppose 0 = 196*f - 1247131 - 2334573. What is the thousands digit of f?
8
Suppose -1222*u = -1187*u - 789250. What is the thousands digit of u?
2
Let a be 64/12*(-4)/24*-9. Suppose a*o = 2959 + 2969. What is the units digit of o?
1
Let q = 31 + -24. Suppose 0 = 5*h - 3*k - 49, h - q = -k + 6. Suppose 5*n = 4*n + h. What is the tens digit of n?
1
Let z = 51 + -47. Suppose -2*v - 9 = -3*i, -i = z*v - v - 3. What is the tens digit of 2*(4 - i) + (-4 - -81)?
7
Let b(c) = 2*c**2 + 3*c - 2. Let q be b(21). Let y = q + -624. What is the tens digit of y?
1
Suppose 46*k + 162 = 52*k. Suppose 1575 = k*r - 20*r. What is the hundreds digit of r?
2
Suppose -3*c = -4*a - 80558, 0 = -5*c + 5*a + 155568 - 21298. What is the tens digit of c?
5
Suppose -5*d = -4*i - 69766, 0 = -d + 4*i - 0*i + 13966. Suppose -26*h = -h - d. What is the units digit of h?
8
Suppose 3*u = -2*h + 1830, 3*h + 2*h - 1220 = -2*u. Let f = 1124 - u. What is the tens digit of f?
1
Let r = 4644 - 3545. What is the hundreds digit of r?
0
Let d(g) be the first derivative of -2*g**3/3 - 42*g**2 - 39*g + 76. What is the hundreds digit of d(-37)?
3
Let g = 150 + -89. Let n = g + 33. Suppose 5*q + 332 = 4*w - n, -106 = -w + q. What is the units digit of w?
4
Let l = -5993 + 10681. What is the tens digit of l?
8
Suppose -z - 3*q - 7 = 0, 2*z + 0 + 4 = 4*q. Let f(u) = -6*u - 8. Let t be f(z). What is the units digit of (-109)/(-3) + t/24?
7
Let g be (-12666)/8*(48/(-18))/2. Let v = -820 + g. What is the thousands digit of v?
1
Let g(f) = -f**3 + 2*f**2 + 9*f + 13. Let d be g(-3). Suppose -52 = -y - 2*s, -y - s + 23 = -d. What is the units digit of y?
6
Let h(u) = u - 17. Let v be h(-4). Let y(b) = -b**2 - 38*b - 18. What is the tens digit of y(v)?
3
Let x(i) = 744*i - 1260. What is the units digit of x(4)?
6
Suppose 648778 = 45*d - 179672. What is the thousands digit of d?
8
Suppose -3*n - 20 = u - 7, n = 3*u - 1. Let d = u - -3. Suppose 34 = 4*t + d*h, -1 - 8 = 3*h. What is the tens digit of t?
1
Suppose -4*r - 5*i = -839, -11*i = 5*r - 6*i - 1050. Let k = r + -154. What is the units digit of k?
7
Suppose -4 - 14 = 6*z. Let x(f) = 43*f**2 + 7*f - 2. What is the units digit of x(z)?
4
Suppose 0*b - 2 = -2*b + 2*r, 5*b - 4*r - 9 = 0. Suppose -4*a = 6*i - i - 875, 0 = b*i - a - 875. What is the units digit of i?
5
Let x(g) = 24*g**2 + 21*g + 75. What is the tens digit of x(30)?
0
Let i = 30 + -30. Suppose 2*c = g + 94, i = -3*c - g - g + 134. Suppose c = -2*s + 518. What is the units digit of s?
6
Suppose 934296 = 27*q + 102*q - 63*q. What is the units digit of q?
6
Let a(s) = s**3 + 4*s**2 + 2*s + 8. Let g be a(-4). Suppose g = z + 5*f + 30, 2*f = -4*z - 2*f - 184. Let x = 73 + z. What is the units digit of x?
3
Let s = -8289 - -14355. What is the units digit of s?
6
Let g be (-10)/(-15)*-9 - -4. Let a be 1384/10 - g/(-5). Suppose -m + 3*m - a = 0. What is the units digit of m?
9
Let p = 176 - -399. Suppose -4*x + 81 = -p. What is the units digit of x?
4
Suppose 16*w + 6779 = 395. What is the units digit of -1 - (w + 24/(-4))?
4
Let y(i) = 3*i - 29. Let k be y(11). Let p(b) = -4*b + 7. Let j(u) = 5*u - 5. Let h(v) = k*j(v) + 3*p(v). What is the units digit of h(7)?
7
Let h(k) = -586*k - 2270. What is the hundreds digit of h(-13)?
3
Suppose 5*m + 13398 = -1672. Let x = -2062 - m. What is the units digit of x?
2
Let m(h) = -12*h - 6*h**2 + 7*h**2 + 0 - 2. Let p be m(-5). Let w = p - 38. What is the tens digit of w?
4
Let b(w) = w**3 + 12*w**2 + 28*w - 10. Let u be b(-10). Let h = u + 101. Let a(n) = -n**3 + 12*n**2 - 13*n + 23. What is the units digit of a(h)?
1
Let u = 1912 + 1771. Suppose 3*l + 4407 = 3*p, -2*p - l = 730 - u. What is the units digit of p?
4
Let o(z) = -z**3 + 10*z**2 - 8*z - 5. Let j be o(9). Suppose 6*r - 36 = r + 2*f, 0 = -j*r - f + 21. Suppose 0 = -7*c + r*c + 31. What is the tens digit of c?
3
Suppose -a + 4*t = -42003, 3*a - 3*t - 2*t - 126009 = 0. What is the tens digit of a?
0
Let t(g) = 5*g**2 - 28*g + 105. Let m be t(4). Let c = m - -471. What is the units digit of c?
4
Suppose 88*z + 304218 = 1019658. What is the hundreds digit of z?
1
Suppose 38 + 32 = 35*v. What is the tens digit of 268*v*(5 - (5 + -2))?
7
Suppose -2*p - 4*b + 5152 = 0, 4*p - 2*b - 13125 + 2801 = 0. What is the hundreds digit of p?
5
Let r(v) = 6*v**2 - 21*v + 11. Let u be r(14). Suppose 0 = -g + 5*m + 197, -u = -6*g + 2*g - m. What is the hundreds digit of g?
2
Suppose 0 = z - 5*t - 3995 - 5342, -16 = -4*t. What is the units digit of z?
7
Let g(s) = 4*s**2 + 3*s + 2. Let y be g(-1). Suppose 5*o - 1569 = -5*b + y*b, -3*b - 4*